{"id":289,"date":"2014-05-10T18:05:38","date_gmt":"2014-05-10T16:05:38","guid":{"rendered":"http:\/\/www.accomplir.asso.fr\/accomplir\/?page_id=289"},"modified":"2015-05-02T23:22:57","modified_gmt":"2015-05-02T21:22:57","slug":"marche-alimentaire-des-halles-archives","status":"publish","type":"page","link":"https:\/\/www.accomplir.asso.fr\/accomplir\/?page_id=289","title":{"rendered":"March\u00e9 alimentaire"},"content":{"rendered":"<h2>Nos archives<\/h2>\n<ul>\n<li>Le conseil de quartier des Halles a fait <a href=\"http:\/\/www.accomplir.asso.fr\/dossiers\/marches\/04%20cdq_halles_7_2_07.pdf\" target=\"blank\">le point sur le fonctionnement du march\u00e9 alimentaire de la rue Montmartre<\/a> (07\/02\/07).<\/li>\n<li><a href=\"http:\/\/www.accomplir.asso.fr\/dossiers\/marches\/04%20reunion%20marche.pdf\" target=\"blank\">Premier bilan sur le fonctionnement du march\u00e9 alimentaire des Halles<\/a> (27\/03\/06). Cette r\u00e9union, co-organis\u00e9e par Accomplir et la Mairie du 1er, a permis de soulever de nombreuses questions. Une nouvelle r\u00e9union, que le maire annonce pour juin 2006, devrait permettre d\u2019y apporter des r\u00e9ponses\u2026<\/li>\n<li><a href=\"http:\/\/www.accomplir.asso.fr\/dossiers\/marches\/09%20reponse%20Contassot.jpg\" target=\"blank\">R\u00e9ponse d\u2019Yves Contassot \u00e0 notre courrier sur le march\u00e9 alimentaire<\/a> (21\/02\/06) \u00ab L\u2019intervention de l\u2019\u00e9quipe de nettoiement ne commence qu\u2019\u00e0 partir de 20h45 pour le d\u00e9blaiement, et les d\u00e9chets sont collect\u00e9s vers 21h00 par une benne de la division locale. Cela devrait a priori laisser suffisamment de temps aux commer\u00e7ants pour ranger leurs affaires et \u00e9vacuer leur place dans le respect de l\u2019horaire r\u00e9glementaire de fin de march\u00e9 fix\u00e9 \u00e0 20h00. \u00bb<\/li>\n<li><a href=\"http:\/\/www.accomplir.asso.fr\/dossiers\/marches\/10%20cohen-solal%20contassot%20marche.pdf\" target=\"blank\">Courrier \u00e0 Yves Contassot et Lyne Cohen-Solal \u00e0 propos des horaires de fermeture du march\u00e9 le jeudi soir<\/a> (20\/10\/05) \u00ab Alors que les heures d\u2019ouverture du march\u00e9 vont de 12h30 \u00e0 20h (comme indiqu\u00e9 sur la banderole annon\u00e7ant le march\u00e9), les services du nettoiement exigent que tout soit rang\u00e9 \u00e0 20h, et l\u2019amende pour ceux qui d\u00e9passent cet horaire, m\u00eame de dix minutes, est de 420 euros. Comment deux services de la Ville de Paris peuvent-ils se contredire ainsi ? \u00bb<\/li>\n<li><a href=\"http:\/\/www.accomplir.asso.fr\/dossiers\/marches\/marche%20alimentaire%20Halles.pdf\" target=\"blank\">March\u00e9 alimentaire des Halles : c\u2019est gagn\u00e9 !<\/a> (18\/03\/05)<\/li>\n<li>Le <a href=\"http:\/\/www.accomplir.asso.fr\/dossiers\/marches\/Marche%20alimentaire.pdf\" target=\"blank\">point sur le projet de march\u00e9 alimentaire des Halles<\/a> : rien ne s\u2019oppose \u00e0 ce qu\u2019il soit r\u00e9alis\u00e9 rue de Turbigo (janvier 2005).<\/li>\n<li>Nouvelle proposition d'ACCOMPLIR pour le march\u00e9 alimentaire : nous voulons <a href=\"http:\/\/www.accomplir.asso.fr\/dossiers\/marches\/marche%20moyenne%20gamme.html\" target=\"blank\">un march\u00e9 de moyenne gamme<\/a> et non de haut de gamme (mars 2004).<\/li>\n<li>Le march\u00e9 alimentaire : les <a href=\"http:\/\/www.accomplir.asso.fr\/dossiers\/marches\/marche%20commercants.html\" target=\"blank\">r\u00e9sultats de l\u2019enqu\u00eate aupr\u00e8s des commer\u00e7ants<\/a> (05\/02\/04)<\/li>\n<li><a href=\"http:\/\/www.accomplir.asso.fr\/dossiers\/marches\/marche%20alimentaire.html\" target=\"blank\">Le march\u00e9 alimentaire des Halles a \u00e9t\u00e9 budg\u00e9t\u00e9 pour 2004<\/a> par le Conseil de Paris (d\u00e9cembre 2003).<\/li>\n<li><a href=\"http:\/\/www.accomplir.asso.fr\/dossiers\/marches\/CR%20RV%20Maire%201er.htm\" target=\"blank\">Remise de notre 2\u00e8me p\u00e9tition sur le march\u00e9 alimentaire au Maire du 1er<\/a> (12\/11\/03). Photos :\n<ul>\n<li><a href=\"http:\/\/www.accomplir.asso.fr\/dossiers\/marches\/RV%20maire%201er%202.jpg\" target=\"blank\">A la porte de la mairie du 1er<\/a> , Elisabeth, Catherine, Barbara, Anne et Gilles (derri\u00e8re l'objectif) s'appr\u00eatent remettre les 587 p\u00e9titions \u00e0 Jean-Fran\u00e7ois Legaret.<\/li>\n<li><a href=\"http:\/\/www.accomplir.asso.fr\/dossiers\/marches\/RV%20maire%201er%201.jpg\" target=\"blank\">Le Maire du 1er re\u00e7oit les p\u00e9titions<\/a><\/li>\n<\/ul>\n<\/li>\n<li>March\u00e9 alimentaire : <a href=\"http:\/\/www.accomplir.asso.fr\/dossiers\/marches\/Bilan%20march%20alim.htm\" target=\"blank\">les effets du lancement de la deuxi\u00e8me p\u00e9tition d\u2019ACCOMPLIR<\/a> (3\/11\/03)<\/li>\n<li>Pour que nous obtenions notre march\u00e9, il ne manque plus qu'une d\u00e9cision du maire du 1er ; ACCOMPLIR lance <a href=\"http:\/\/www.accomplir.asso.fr\/dossiers\/marches\/petition_marches_2.pdf\" target=\"blank\">une nouvelle p\u00e9tition<\/a> : \"Monsieur le Maire du 1er, Soutenez notre demande de cr\u00e9ation d\u2019un march\u00e9 alimentaire \u00e0 l\u2019angle Turbigo-Montmartre !\"<\/li>\n<li><a href=\"http:\/\/www.accomplir.asso.fr\/dossiers\/renovation\/reponse%20delanoe.htm\" target=\"blank\">La r\u00e9ponse du Maire de Paris<\/a> (8\/08\/03) \u00ab Actuellement, la concertation se poursuit au sujet de l\u2019emplacement, aucun lieu n\u2019ayant encore fait l\u2019unanimit\u00e9 au sein du 1er arrondissement\".<\/li>\n<li><a href=\"http:\/\/www.accomplir.asso.fr\/dossiers\/marches\/MARCHE01.htm\" target=\"blank\">\"Monsieur le Maire de Paris, nous avons trouv\u00e9 un emplacement\"<\/a> : ACCOMPLIR \u00e9crit \u00e0 nouveau au Maire de Paris pour le presser de lancer le projet de cr\u00e9ation d'un march\u00e9 alimentaire dans le quartier des Halles, rue Montmartre et rue de Turbigo (22\/06\/03).<\/li>\n<li><a href=\"http:\/\/www.accomplir.asso.fr\/dossiers\/marches\/st_honore\/st_honore.php\" target=\"blank\">Inauguration du march\u00e9 alimentaire de la place du march\u00e9 Saint-Honor\u00e9<\/a> en pr\u00e9sence de B. Delano\u00eb (11\/06\/03) : les photos.<\/li>\n<li><a href=\"http:\/\/www.accomplir.asso.fr\/dossiers\/marches\/48_Marche_emplacement.pdf\" target=\"blank\">Le march\u00e9 alimentaire des Halles : quel emplacement ?<\/a> (Lettre d\u2019ACCOMPLIR, avril 2003) : Pour l\u2019association ACCOMPLIR, le site qui conviendrait le mieux est l'angle form\u00e9 par le d\u00e9but de la rue Montmartre et de la rue Turbigo.<\/li>\n<li><a href=\"http:\/\/www.accomplir.asso.fr\/dossiers\/marches\/44_marches_alimentaires.pdf\" target=\"blank\">Le point sur le march\u00e9 alimentaire et les foires commerciales<\/a> (avril 2003) : le march\u00e9 alimentaire du secteur des Halles est toujours en panne, en revanche la foire commerciale de la F\u00eate des M\u00e8res n\u2019aura sans doute pas lieu place des Innocents.<\/li>\n<li><a href=\"http:\/\/www.accomplir.asso.fr\/dossiers\/marches\/14_CICA_marches.pdf\" target=\"blank\">Compte rendu du CICA sur les march\u00e9s<\/a> (14 novembre 2002) : Grande nouvelle : gr\u00e2ce \u00e0 nos efforts depuis plusieurs ann\u00e9es et \u00e0 notre p\u00e9tition qui a re\u00e7u pr\u00e8s de 1.400 signatures, la Ville de Paris a pris l'engagement ferme de cr\u00e9er deux march\u00e9s alimentaires : un dans le secteur des Halles (lieu pr\u00e9cis et date d'ouverture non encore fix\u00e9s) et un sur la place du March\u00e9 Saint-Honor\u00e9 (ouverture en mai 2003).<\/li>\n<li><a href=\"http:\/\/www.accomplir.asso.fr\/dossiers\/marches\/15_Debat_marches_cons_quar.pdf\" target=\"blank\">D\u00e9bat sur la cr\u00e9ation d'un march\u00e9 alimentaire de produits frais dans le quartier des Halles<\/a> (extrait du d\u00e9bat du conseil de quartier des Halles du 9 octobre 2002) : o\u00f9 le Maire du 1er se d\u00e9cide enfin \u00e0 apporter son soutien \u00e0 un projet de march\u00e9 alimentaire de produits frais dans le quartier des Halles.<\/li>\n<li><a href=\"http:\/\/www.accomplir.asso.fr\/dossiers\/marches\/16_Reponse_Delanoe_marches.pdf\" target=\"blank\">R\u00e9ponse de Bertrand Delano\u00eb \u00e0 notre demande de cr\u00e9ation d'un march\u00e9 dans le secteur du Jardin des Halles<\/a> (8 ao\u00fbt 2002)<br \/>\n\u00ab Soyez assur\u00e9 que votre requ\u00eate sera examin\u00e9e avec int\u00e9r\u00eat et que je ne manquerai pas de vous tenir inform\u00e9 de la suite qui pourra lui \u00eatre r\u00e9serv\u00e9e \u00bb<\/li>\n<li><a href=\"http:\/\/www.accomplir.asso.fr\/dossiers\/marches\/17_marches_Cohen-solal.pdf\" target=\"blank\">Lettre d'ACCOMPLIR \u00e0 Lyne Cohen-Solal pour demander une \u00e9tude de faisabilit\u00e9 sur un march\u00e9 dans le secteur des Halles<\/a> (22 mai 2002) : nous argumentons sur l'existence d'une client\u00e8le pour un tel march\u00e9 et sur les avantages annexes qu'il offrirait.<\/li>\n<li><a href=\"http:\/\/www.accomplir.asso.fr\/dossiers\/marches\/18_marche_pour_1er.pdf\" target=\"blank\">Un march\u00e9 alimentaire pour le 1er - Extrait du compte-rendu du CICA<\/a> (17 mai 2001) : Le maire \u00ab attend les propositions des prestataires de march\u00e9s \u00bb.<\/li>\n<\/ul>\n","protected":false},"excerpt":{"rendered":"<p>Nos archives Le conseil de quartier des Halles a fait le point sur le fonctionnement du march\u00e9 alimentaire de la rue Montmartre (07\/02\/07). Premier bilan sur le fonctionnement du march\u00e9 alimentaire des Halles (27\/03\/06). Cette r\u00e9union, co-organis\u00e9e par Accomplir et la Mairie du 1er, a permis de soulever de nombreuses questions. Une nouvelle r\u00e9union, que &hellip; <a href=\"https:\/\/www.accomplir.asso.fr\/accomplir\/?page_id=289\" class=\"more-link\">Continuer la lecture de <span class=\"screen-reader-text\">March\u00e9 alimentaire<\/span>  <span class=\"meta-nav\">&rarr;<\/span><\/a><\/p>\n","protected":false},"author":4,"featured_media":0,"parent":0,"menu_order":0,"comment_status":"closed","ping_status":"closed","template":"","meta":[],"_links":{"self":[{"href":"https:\/\/www.accomplir.asso.fr\/accomplir\/index.php?rest_route=\/wp\/v2\/pages\/289"}],"collection":[{"href":"https:\/\/www.accomplir.asso.fr\/accomplir\/index.php?rest_route=\/wp\/v2\/pages"}],"about":[{"href":"https:\/\/www.accomplir.asso.fr\/accomplir\/index.php?rest_route=\/wp\/v2\/types\/page"}],"author":[{"embeddable":true,"href":"https:\/\/www.accomplir.asso.fr\/accomplir\/index.php?rest_route=\/wp\/v2\/users\/4"}],"replies":[{"embeddable":true,"href":"https:\/\/www.accomplir.asso.fr\/accomplir\/index.php?rest_route=%2Fwp%2Fv2%2Fcomments&post=289"}],"version-history":[{"count":12,"href":"https:\/\/www.accomplir.asso.fr\/accomplir\/index.php?rest_route=\/wp\/v2\/pages\/289\/revisions"}],"predecessor-version":[{"id":754,"href":"https:\/\/www.accomplir.asso.fr\/accomplir\/index.php?rest_route=\/wp\/v2\/pages\/289\/revisions\/754"}],"wp:attachment":[{"href":"https:\/\/www.accomplir.asso.fr\/accomplir\/index.php?rest_route=%2Fwp%2Fv2%2Fmedia&parent=289"}],"curies":[{"name":"wp","href":"https:\/\/api.w.org\/{rel}","templated":true}]}}