{"id":66,"date":"2014-04-24T15:08:24","date_gmt":"2014-04-24T13:08:24","guid":{"rendered":"http:\/\/www.accomplir.asso.fr\/accomplir\/?page_id=66"},"modified":"2015-05-02T23:21:48","modified_gmt":"2015-05-02T21:21:48","slug":"agenda","status":"publish","type":"page","link":"http:\/\/www.accomplir.asso.fr\/accomplir\/?page_id=66","title":{"rendered":"Infos utiles"},"content":{"rendered":"<h1>CERISE<\/h1>\n<p>46 rue Montorgueil, Paris 2\u00e8me - 01 42 21 43 25<\/p>\n<ul>\n<li><a href=\"http:\/\/www.centrecerise.com\" target=\"_blank\">Le site de Cerise<\/a><\/li>\n<li><a href=\"https:\/\/drive.google.com\/file\/d\/0B626IYMZnaK2NWZMSW5PRVUxR3M\/edit?pli=1\" target=\"_blank\">Les activit\u00e9s de Cerise pour l\u2019ann\u00e9e 2014-2015!<\/a><\/li>\n<\/ul>\n<hr \/>\n<hr \/>\n<h1>La Clairi\u00e8re<\/h1>\n<p>60 rue Greneta, Paris 2\u00e8me - 01 42 36 82 46<\/p>\n<ul>\n<li><a href=\"http:\/\/www.laclairiere.org\" target=\"_blank\">Le site de La Clairi\u00e8re<\/a><\/li>\n<\/ul>\n<hr \/>\n<hr \/>\n<h1>Mairie du 1er arrondissement<\/h1>\n<p>L'<a href=\"http:\/\/x01-mairie01.apps.paris.fr\/mairie01\/jsp\/site\/Portal.jsp?page_id=223\" target=\"_blank\">agenda<\/a> et les <a href=\"http:\/\/x01-mairie01.apps.paris.fr\/mairie01\/jsp\/site\/Portal.jsp?page_id=59\" target=\"_blank\">actualit\u00e9s<\/a> de la Mairie du 1er arrondissement.<\/p>\n<hr \/>\n<hr \/>\n<h1>Mairie du 2\u00e8me arrondissement<\/h1>\n<p>L'<a href=\"http:\/\/www.mairie02.paris.fr\/mairie02\/jsp\/site\/Portal.jsp?page=calendar&amp;agenda=1&amp;action=do_search\" target=\"_blank\">agenda<\/a> et les <a href=\"http:\/\/www.mairie02.paris.fr\/mairie02\/jsp\/site\/Portal.jsp?page_id=640\" target=\"_blank\">actualit\u00e9s<\/a> de la Mairie du 2\u00e8me arrondissement.<\/p>\n","protected":false},"excerpt":{"rendered":"<p>CERISE 46 rue Montorgueil, Paris 2\u00e8me - 01 42 21 43 25 Le site de Cerise Les activit\u00e9s de Cerise pour l\u2019ann\u00e9e 2014-2015! La Clairi\u00e8re 60 rue Greneta, Paris 2\u00e8me - 01 42 36 82 46 Le site de La Clairi\u00e8re Mairie du 1er arrondissement L'agenda et les actualit\u00e9s de la Mairie du 1er arrondissement. &hellip; <a href=\"http:\/\/www.accomplir.asso.fr\/accomplir\/?page_id=66\" class=\"more-link\">Continuer la lecture de <span class=\"screen-reader-text\">Infos utiles<\/span>  <span class=\"meta-nav\">&rarr;<\/span><\/a><\/p>\n","protected":false},"author":4,"featured_media":0,"parent":0,"menu_order":0,"comment_status":"closed","ping_status":"closed","template":"","meta":[],"_links":{"self":[{"href":"http:\/\/www.accomplir.asso.fr\/accomplir\/index.php?rest_route=\/wp\/v2\/pages\/66"}],"collection":[{"href":"http:\/\/www.accomplir.asso.fr\/accomplir\/index.php?rest_route=\/wp\/v2\/pages"}],"about":[{"href":"http:\/\/www.accomplir.asso.fr\/accomplir\/index.php?rest_route=\/wp\/v2\/types\/page"}],"author":[{"embeddable":true,"href":"http:\/\/www.accomplir.asso.fr\/accomplir\/index.php?rest_route=\/wp\/v2\/users\/4"}],"replies":[{"embeddable":true,"href":"http:\/\/www.accomplir.asso.fr\/accomplir\/index.php?rest_route=%2Fwp%2Fv2%2Fcomments&post=66"}],"version-history":[{"count":45,"href":"http:\/\/www.accomplir.asso.fr\/accomplir\/index.php?rest_route=\/wp\/v2\/pages\/66\/revisions"}],"predecessor-version":[{"id":1884,"href":"http:\/\/www.accomplir.asso.fr\/accomplir\/index.php?rest_route=\/wp\/v2\/pages\/66\/revisions\/1884"}],"wp:attachment":[{"href":"http:\/\/www.accomplir.asso.fr\/accomplir\/index.php?rest_route=%2Fwp%2Fv2%2Fmedia&parent=66"}],"curies":[{"name":"wp","href":"https:\/\/api.w.org\/{rel}","templated":true}]}}