{"id":300,"date":"2014-05-10T18:19:54","date_gmt":"2014-05-10T16:19:54","guid":{"rendered":"http:\/\/www.accomplir.asso.fr\/accomplir\/?page_id=300"},"modified":"2015-05-02T23:23:42","modified_gmt":"2015-05-02T21:23:42","slug":"plan-local-durbanisme-archives","status":"publish","type":"page","link":"http:\/\/www.accomplir.asso.fr\/accomplir\/?page_id=300","title":{"rendered":"PLU"},"content":{"rendered":"<h2>Nos archives<\/h2>\n<ul>\n<li><a href=\"http:\/\/www.accomplir.asso.fr\/dossiers\/20090404\/07 Avis IDFE sur les tours.pdf\" target=\"blank\">Avis de la f\u00e9d\u00e9ration Ile-de-France Environnement dans le d\u00e9bat sur les tours<\/a> (05\/03\/09). Selon IDFE, \u00ab les immeubles de grande hauteur sont, pour une m\u00eame surface utile, nettement plus co\u00fbteux \u00e0 la construction comme \u00e0 l'usage que les immeubles classiques, ne favorisent ni la mixit\u00e9 sociale ni la mixit\u00e9 fonctionnelle, ne densifient que les quartiers d'affaires, et n'atteindront pas l'objectif national de performance \u00e9nerg\u00e9tique. Ils ne s'inscrivent donc pas dans les principes du d\u00e9veloppement durable. \u00bb<\/li>\n<li><a href=\"http:\/\/www.accomplir.asso.fr\/dossiers\/PLU\/40_Conseil_quartier_Halles_PLU.pdf\" target=\"blank\">R\u00e9union de PLU \u00e0 la Mairie du 1er, en pr\u00e9sence de M. CAFFET<\/a> (18\/03\/03) : Les surprises de la concertation\u2026<\/li>\n<li><a href=\"http:\/\/www.accomplir.asso.fr\/dossiers\/PLU\/35_Conseil_quartier_Halles_PLU.pdf\" target=\"blank\">Conseil de quartier des Halles : marche exploratoire dans le quartier pour pr\u00e9parer le PLU<\/a> (24\/02\/03) : Le conseil du quartier des Halles au plus pr\u00e8s du terrain !<\/li>\n<li><a href=\"http:\/\/www.accomplir.asso.fr\/dossiers\/PLU\/32_conseil_quartier_Halles_PLU.pdf\" target=\"blank\">R\u00e9union d\u2019information sur le plan local d\u2019urbanisme<\/a> (15\/01\/03) : Comment le PLU va-t-il s\u2019articuler avec le projet de r\u00e9novation des Halles ? Jean-Pierre Caffet, adjoint au Maire de Paris charg\u00e9 de l\u2019urbanisme, vient discuter avec le Conseil de quartier des Halles.<\/li>\n<li><a href=\"http:\/\/www.accomplir.asso.fr\/dossiers\/PLU\/11_PLU_2002.pdf\" target=\"blank\">R\u00e9union d'information sur le Plan Local d'Urbanisme<\/a> (06 novembre 2002) : Les conseils de quartier vont devoir plancher avec ardeur sur le Plan Local d'Urbanisme (PLU), appel\u00e9 \u00e0 remplacer l'actuel Plan d'Occupation des Sols (POS) entre fin janvier et mars 2003.<\/li>\n<li><a href=\"http:\/\/www.accomplir.asso.fr\/dossiers\/PLU\/12_Propositions_PLU.pdf\" target=\"blank\">Propositions de l'association ACCOMPLIR pour le Plan Local d'Urbanisme<\/a> (07 avril 2002) : Ces propositions ont \u00e9t\u00e9 envoy\u00e9es \u00e0 M. le Maire de Paris ; M. le Maire du 1er arrondissement ; M. Jean-Pierre Caffet, Adjoint au maire de Paris charg\u00e9 de l'Urbanisme et \u00e0 une dizaine d'autres interlocuteur<\/li>\n<li><a href=\"http:\/\/www.accomplir.asso.fr\/dossiers\/PLU\/13_Info_plu_2002.pdf\" target=\"blank\">R\u00e9union d'information sur le Plan Local d'Urbanisme<\/a> (05 f\u00e9vrier 2002) : Les propositions d'ACCOMPLIR int\u00e9ressent les responsables de l'am\u00e9nagement urbain de la Mairie de Paris...<\/li>\n<\/ul>\n","protected":false},"excerpt":{"rendered":"<p>Nos archives Avis de la f\u00e9d\u00e9ration Ile-de-France Environnement dans le d\u00e9bat sur les tours (05\/03\/09). Selon IDFE, \u00ab les immeubles de grande hauteur sont, pour une m\u00eame surface utile, nettement plus co\u00fbteux \u00e0 la construction comme \u00e0 l'usage que les immeubles classiques, ne favorisent ni la mixit\u00e9 sociale ni la mixit\u00e9 fonctionnelle, ne densifient que &hellip; <a href=\"http:\/\/www.accomplir.asso.fr\/accomplir\/?page_id=300\" class=\"more-link\">Continuer la lecture de <span class=\"screen-reader-text\">PLU<\/span>  <span class=\"meta-nav\">&rarr;<\/span><\/a><\/p>\n","protected":false},"author":4,"featured_media":0,"parent":0,"menu_order":0,"comment_status":"closed","ping_status":"closed","template":"","meta":[],"_links":{"self":[{"href":"http:\/\/www.accomplir.asso.fr\/accomplir\/index.php?rest_route=\/wp\/v2\/pages\/300"}],"collection":[{"href":"http:\/\/www.accomplir.asso.fr\/accomplir\/index.php?rest_route=\/wp\/v2\/pages"}],"about":[{"href":"http:\/\/www.accomplir.asso.fr\/accomplir\/index.php?rest_route=\/wp\/v2\/types\/page"}],"author":[{"embeddable":true,"href":"http:\/\/www.accomplir.asso.fr\/accomplir\/index.php?rest_route=\/wp\/v2\/users\/4"}],"replies":[{"embeddable":true,"href":"http:\/\/www.accomplir.asso.fr\/accomplir\/index.php?rest_route=%2Fwp%2Fv2%2Fcomments&post=300"}],"version-history":[{"count":5,"href":"http:\/\/www.accomplir.asso.fr\/accomplir\/index.php?rest_route=\/wp\/v2\/pages\/300\/revisions"}],"predecessor-version":[{"id":756,"href":"http:\/\/www.accomplir.asso.fr\/accomplir\/index.php?rest_route=\/wp\/v2\/pages\/300\/revisions\/756"}],"wp:attachment":[{"href":"http:\/\/www.accomplir.asso.fr\/accomplir\/index.php?rest_route=%2Fwp%2Fv2%2Fmedia&parent=300"}],"curies":[{"name":"wp","href":"https:\/\/api.w.org\/{rel}","templated":true}]}}

<h2>Nos archives</h2>
<ul>
<li><a href="http://www.accomplir.asso.fr/dossiers/20090404/07 Avis IDFE sur les tours.pdf" target="blank">Avis de la fédération Ile-de-France Environnement dans le débat sur les tours</a> (05/03/09). Selon IDFE, « les immeubles de grande hauteur sont, pour une même surface utile, nettement plus coûteux à la construction comme à l'usage que les immeubles classiques, ne favorisent ni la mixité sociale ni la mixité fonctionnelle, ne densifient que les quartiers d'affaires, et n'atteindront pas l'objectif national de performance énergétique. Ils ne s'inscrivent donc pas dans les principes du développement durable. »</li>
<li><a href="http://www.accomplir.asso.fr/dossiers/PLU/40_Conseil_quartier_Halles_PLU.pdf" target="blank">Réunion de PLU à la Mairie du 1er, en présence de M. CAFFET</a> (18/03/03) : Les surprises de la concertation…</li>
<li><a href="http://www.accomplir.asso.fr/dossiers/PLU/35_Conseil_quartier_Halles_PLU.pdf" target="blank">Conseil de quartier des Halles : marche exploratoire dans le quartier pour préparer le PLU</a> (24/02/03) : Le conseil du quartier des Halles au plus près du terrain !</li>
<li><a href="http://www.accomplir.asso.fr/dossiers/PLU/32_conseil_quartier_Halles_PLU.pdf" target="blank">Réunion d’information sur le plan local d’urbanisme</a> (15/01/03) : Comment le PLU va-t-il s’articuler avec le projet de rénovation des Halles ? Jean-Pierre Caffet, adjoint au Maire de Paris chargé de l’urbanisme, vient discuter avec le Conseil de quartier des Halles.</li>
<li><a href="http://www.accomplir.asso.fr/dossiers/PLU/11_PLU_2002.pdf" target="blank">Réunion d'information sur le Plan Local d'Urbanisme</a> (06 novembre 2002) : Les conseils de quartier vont devoir plancher avec ardeur sur le Plan Local d'Urbanisme (PLU), appelé à remplacer l'actuel Plan d'Occupation des Sols (POS) entre fin janvier et mars 2003.</li>
<li><a href="http://www.accomplir.asso.fr/dossiers/PLU/12_Propositions_PLU.pdf" target="blank">Propositions de l'association ACCOMPLIR pour le Plan Local d'Urbanisme</a> (07 avril 2002) : Ces propositions ont été envoyées à M. le Maire de Paris ; M. le Maire du 1er arrondissement ; M. Jean-Pierre Caffet, Adjoint au maire de Paris chargé de l'Urbanisme et à une dizaine d'autres interlocuteur</li>
<li><a href="http://www.accomplir.asso.fr/dossiers/PLU/13_Info_plu_2002.pdf" target="blank">Réunion d'information sur le Plan Local d'Urbanisme</a> (05 février 2002) : Les propositions d'ACCOMPLIR intéressent les responsables de l'aménagement urbain de la Mairie de Paris...</li>
</ul>

<p>Nos archives Avis de la fédération Ile-de-France Environnement dans le débat sur les tours (05/03/09). Selon IDFE, « les immeubles de grande hauteur sont, pour une même surface utile, nettement plus coûteux à la construction comme à l'usage que les immeubles classiques, ne favorisent ni la mixité sociale ni la mixité fonctionnelle, ne densifient que &hellip; <a href="http://www.accomplir.asso.fr/accomplir/?page_id=300" class="more-link">Continuer la lecture de <span class="screen-reader-text">PLU</span>  <span class="meta-nav">&rarr;</span></a></p>
