{"id":271,"date":"2014-05-10T17:33:24","date_gmt":"2014-05-10T15:33:24","guid":{"rendered":"http:\/\/www.accomplir.asso.fr\/accomplir\/?page_id=271"},"modified":"2015-05-02T23:21:17","modified_gmt":"2015-05-02T21:21:17","slug":"jardin-des-halles-archives","status":"publish","type":"page","link":"http:\/\/www.accomplir.asso.fr\/accomplir\/?page_id=271","title":{"rendered":"Jardin des Halles"},"content":{"rendered":"<h2>Nos archives<\/h2>\n<ul>\n<li><a href=\"http:\/\/www.accomplir.asso.fr\/dossiers\/20121027\/01 resultat enquete aire prov.pdf\" target=\"blank\">R\u00e9sultats de notre enqu\u00eate de satisfaction sur l\u2019aire de jeux provisoire<\/a> (septembre 2012)<\/li>\n<li><a href=\"http:\/\/www.accomplir.asso.fr\/dossiers\/20121027\/04 depliant aire de jeux.pdf\" target=\"blank\">Prospectus de pr\u00e9sentation de l\u2019aire de jeux des moyens \u00e0 son inauguration<\/a> (octobre 2012)<\/li>\n<li><a href=\"http:\/\/www.accomplir.asso.fr\/dossiers\/20120910\/03 fonctionnement jardin aventure mai 2012.pdf\" target=\"blank\">R\u00e8gles de fonctionnement du futur jardin d\u2019aventure<\/a> (mai 2012)<\/li>\n<li><a href=\"http:\/\/www.accomplir.asso.fr\/accomplir\/wp-content\/uploads\/2014\/05\/grosse-tete-petit.mp4\" target=\"blank\">Pr\u00e9sentation de la Place Cassin<\/a> par un habitant du quartier, Marcel Apeloig (mars 2009).<\/li>\n<li>La notori\u00e9t\u00e9 mondiale de Claude Lalanne (auteur du Jardin d\u2019aventure des Halles) et de son mari Fran\u00e7ois-Xavier Lalanne, ainsi la valeur de leurs \u0153uvres, ont \u00e9t\u00e9 mises en \u00e9vidence de fa\u00e7on spectaculaire par la vente YSL-Berg\u00e9 (f\u00e9vrier 2009). <a href=\"http:\/\/www.accomplir.asso.fr\/dossiers\/20090316\/01extrait catalogue.pdf\" target=\"blank\">D\u00e9couvrez les \u0153uvres des Lalanne qui faisaient partie de cette prestigieuse collection, \u00e0 quel prix elles \u00e9taient estim\u00e9es et \u00e0 quel prix elles se sont vendues<\/a>.<\/li>\n<li><a href=\"http:\/\/chadhal.free.fr\/\" target=\"_blank\">L\u2019association Chadhal<\/a> m\u00e8ne depuis deux ans un combat courageux en faveur des chats des Halles, qui sans elle continueraient \u00e0 prolif\u00e9rer et \u00e0 souffrir de coryza. Elle est venue pratiquement \u00e0 bout de soigner, tatouer et st\u00e9riliser tous les chats du Jardin. Pourtant, la Ville ne lui facilite gu\u00e8re les choses : le minuscule local qui lui avait \u00e9t\u00e9 accord\u00e9 lui a \u00e9t\u00e9 retir\u00e9 et <a href=\"http:\/\/www.accomplir.asso.fr\/association\/presse\/20090223\/04 article chat magazine.pdf\" target=\"blank\">l\u2019association s\u2019inqui\u00e8te beaucoup de ce que deviendront les chats si le Jardin Lalanne, qui leur sert de refuge, est supprim\u00e9<\/a>. L\u2019association a besoin de votre soutien moral et financier, et aussi d\u2019un coup de main pour les soins \u00e0 apporter aux chats ! Contact 06 08 62 44 36.<\/li>\n<li><a href=\"http:\/\/www.accomplir.asso.fr\/dossiers\/20080911\/06%20Bilan%20annuel%20Chadhal%202008.pdf\" target=\"blank\">Bilan annuel des actions de l\u2019association de protection animale \u00ab Chadhal \u00bb<\/a> concernant la garde des chats du jardin des halles (30\/07\/08)<\/li>\n<li><a href=\"http:\/\/www.accomplir.asso.fr\/dossiers\/20080911\/08%20brochure_lalanne.pdf\" target=\"blank\">Brochure de pr\u00e9sentation du Jardin Lalanne lors de sa cr\u00e9ation<\/a> (1986). Vingt ans plus tard, le Maire de Paris veut raser cette petite merveille pour la remplacer par un quelconque square : est-ce un bon usage de l\u2019argent du contribuable&nbsp;?<\/li>\n<li><a href=\"http:\/\/www.accomplir.asso.fr\/dossiers\/20080330\/05%20une%20charte.pdf\" target=\"blank\">Une charte pour la protection et le nourrissage des chats du jardin des Halles a \u00e9t\u00e9 sign\u00e9e<\/a> entre l\u2019association Chadhal, des nourrisseurs individuels, l\u2019association Accomplir et les services de la ville (mars 2008). Voir <a href=\"http:\/\/www.accomplir.asso.fr\/dossiers\/20080330\/02%20charte%20chats%20version%20finale%20validee.pdf\" target=\"blank\">le texte de la charte<\/a>.<\/li>\n<li><a href=\"http:\/\/www.accomplir.asso.fr\/dossiers\/20080330\/04%20conservatoire%20biodiversite.pdf\" target=\"blank\">Le Jardin Lalanne, un petit conservatoire de biodiversit\u00e9 au c\u0153ur de la Ville<\/a> (f\u00e9vrier 2008). Voir aussi l\u2019article du <a href=\"http:\/\/www.accomplir.asso.fr\/dossiers\/20080330\/03%20Article%20nature%20fev%2008.jpg\" target=\"blank\">Courrier de la nature<\/a>.<\/li>\n<li>Val\u00e9rie Massia, pr\u00e9sidente de l\u2019association Chadhal qui recense, tatoue, soigne et st\u00e9rilise les chats errants des Halles (d\u00e9j\u00e0 36 chats pris en charge !) pr\u00e9sente <a href=\"http:\/\/www.accomplir.asso.fr\/dossiers\/20080210\/03%20Bilan%20chadhal.pdf\" target=\"blank\">un premier bilan des activit\u00e9s de son association<\/a> et <a href=\"http:\/\/www.accomplir.asso.fr\/association\/photos\/chadhal_022008\/index.php\" target=\"blank\">quelques photos de ses petits prot\u00e9g\u00e9s<\/a> (f\u00e9vrier 2008).<\/li>\n<li>Le slogan de la Ville \u00ab <em>Si vous aimez les animaux, ne les nourrissez pas !<\/em> \u00bb a provoqu\u00e9 une certaine \u00e9motion parmi les amis des b\u00eates dans notre quartier. Comment les chats du Jardin des Halles survivraient-ils si des habitants ne leur apportaient r\u00e9guli\u00e8rement de la nourriture ? <a href=\"http:\/\/www.accomplir.asso.fr\/dossiers\/20071215\/09%20nourrir%20les%20chats%20des%20Halles.pdf\" target=\"blank\">L\u2019association Chadhal vous explique comment venir en aide aux chats<\/a>, sans pour autant provoquer des troubles qui leur feraient finalement du tort (d\u00e9cembre 2007).<\/li>\n<li><a href=\"http:\/\/chadhal.free.fr\/\" target=\"_blank\">L\u2019association Chadhal<\/a>, fond\u00e9e en juillet 2007, s\u2019occupe de soigner, tatouer et st\u00e9riliser les chats errants des Halles, puis les rel\u00e2che sur le site. Ses b\u00e9n\u00e9voles prennent \u00e0 leur charge les frais d'entretien et les soins des chats malades et convalescents. Certains ont m\u00eame adopt\u00e9 des chats qui ne pouvaient \u00eatre remis dans le jardin. L'association, d\u00e9sormais officiellement charg\u00e9e par la Ville de la gestion et du suivi sanitaire de la population f\u00e9line vivant dans le jardin des Halles, recherche d'urgence des familles d'accueil, des adh\u00e9rents et des adoptants potentiels. Contact : Association Chadhal 39, rue Saint-Sauveur 75002 Paris \u2013 <a href=\"mailto:chadhal@free.fr\">chadhal@free.fr<\/a>. (novembre 2007)<\/li>\n<li>La <a href=\"http:\/\/www.accomplir.asso.fr\/dossiers\/20071111\/25%20fiche%20Jardin%20des%20Halles.pdf\" target=\"blank\">fiche officielle de pr\u00e9sentation du jardin des Halles sur le site de la Ville de Paris<\/a>, avec une mention<br \/>\nparticuli\u00e8re pour le jardin d\u2019aventure : \u00ab la curiosit\u00e9 du lieu est sans aucun doute le tr\u00e8s inventif Jardin des Enfants (3000m\u00b2), r\u00e9alis\u00e9 par l'architecte Claude Lalanne \u00bb. Qui croirait que l\u2019\u00e9l\u00e9ment le plus r\u00e9ussi de notre jardin est menac\u00e9e de destruction pure et simple ? (novembre 2007)<\/li>\n<li><a href=\"http:\/\/www.accomplir.asso.fr\/dossiers\/20070922\/jardin%20lalanne%2022-09-07.pdf\" target=\"blank\">Le Jardin Lalanne a r\u00e9ouvert apr\u00e8s 9 mois de travaux<\/a>, mais seulement \u00e0 moiti\u00e9, alors qu\u2019Yves Contassot s\u2019\u00e9tait engag\u00e9 \u00e0 tout r\u00e9ouvrir \u00e0 l\u2019exception du monde antique. Cette promesse doit \u00eatre tenue ! (22\/09\/07)<\/li>\n<li><a href=\"http:\/\/www.accomplir.asso.fr\/dossiers\/jardin\/10%20bilan%20Jardin%20Extraordinaire%202007.pdf\" target=\"blank\">F\u00eate du jardin extraordinaire 2007 : une belle r\u00e9ussite !<\/a> (02\/06\/07). La 6\u00e8me \u00e9dition de la f\u00eate du Jardin extraordinaire s\u2019est d\u00e9roul\u00e9e le 2 juin dernier dans le jardin des Halles. Cr\u00e9\u00e9e \u00e0 l\u2019initiative d\u2019Accomplir, ce rendez-vous d\u00e9sormais incontournable de la vie du quartier \u00e9tait cette ann\u00e9e co-organis\u00e9 avec le centre social La Clairi\u00e8re, l\u2019association Mains Libres et le Centre d\u2019animation Les Halles \u2013 Le Marais, qui ont mis leur savoir-faire et leurs comp\u00e9tences en commun pendant des mois de pr\u00e9paration. <a href=\"http:\/\/www.accomplir.asso.fr\/association\/photos.php\" target=\"blank\">Voir toutes les photos<\/a>.<\/li>\n<li><a href=\"http:\/\/www.accomplir.asso.fr\/dossiers\/20100213\/09 proposition travaux Lalanne 16-02-07.pdf\" target=\"blank\">Communique du Comit\u00e9 de soutien et de promotion du jardin d\u2019aventure des Halles<\/a> (mars 2007). La facture pour la r\u00e9novation du jardin Lalanne s\u2019\u00e9l\u00e8ve \u00e0 150.000 euros (le co\u00fbt pr\u00e9visionnel de la r\u00e9novation de l\u2019ensemble du jardin est estim\u00e9 \u00e0 7 millions d\u2019euros). Nos \u00e9lus vont-ils donner leur accord, ou nous faire \u00ab le coup de la Samaritaine \u00bb, c\u2019est-\u00e0-dire pr\u00e9texter un co\u00fbt de remise aux normes trop \u00e9lev\u00e9 pour fermer d\u00e9finitivement le jardin d\u2019aventure ?<\/li>\n<li><a href=\"http:\/\/www.accomplir.asso.fr\/dossiers\/jardin\/13%20Reunion%20Lalanne%2016-02-07.pdf\" target=\"blank\">R\u00e9union avec Yves Contassot sur la remise aux normes du Jardin Lalanne<\/a> (16\/02\/07). Contrairement \u00e0 ce qu\u2019on nous laissait entendre depuis le d\u00e9part, le jardin d\u2019aventure n\u2019est pas \u00ab structurellement \u00bb contraire aux normes de s\u00e9curit\u00e9 : \u00e0 l\u2019exception du Monde antique, tout pourra \u00eatre remis aux normes\u2026 \u00e0 condition que le Maire de Paris donne son feu vert.<\/li>\n<li><a href=\"http:\/\/www.accomplir.asso.fr\/dossiers\/20100213\/09 proposition travaux Lalanne 16-02-07.pdf\" target=\"blank\">Proposition de travaux \u00e0 r\u00e9aliser dans le jardin Lalanne pour le remettre aux normes de s\u00e9curit\u00e9<\/a> (13\/02\/07). Ce document a \u00e9t\u00e9 transmis par Yves Contassot au Comit\u00e9 Lalanne et aux autres associations int\u00e9ress\u00e9es en pr\u00e9vision de la r\u00e9union de travail sur le jardin Lalanne du 16\/02\/07. Le montant des travaux \u00e0 r\u00e9aliser pour remettre le jardin Lalanne peut para\u00eetre \u00e9lev\u00e9 (environ 150.000 euros), mais la plus grande partie des travaux correspondent \u00e0 un entretien normal, qui n\u2019a pas \u00e9t\u00e9 fait depuis au moins dix ans...<\/li>\n<li><a href=\"http:\/\/www.accomplir.asso.fr\/dossiers\/jardin\/rapport_apave.pdf\" target=\"blank\">Rapport de l'APAVE<\/a> (28\/11\/06) \u00e0 la suite duquel la Mairie de Paris a d\u00e9cid\u00e9 de fermer provisoirement le jardin d'aventure des Halles dit \"jardin Lalanne\" (voir le <a href=\"http:\/\/www.accomplir.asso.fr\/dossiers\/jardin\/11%20Communique%20VDP%20Lalanne%2030-11.pdf\" target=\"blank\">communiqu\u00e9 de la ville<\/a>).<\/li>\n<li>Les <a href=\"http:\/\/www.accomplir.asso.fr\/dossiers\/jardin\/23%20comite%20propositions%20novembre%202006%2030-10.pdf\" target=\"blank\">propositions du Comit\u00e9 de soutien et de promotion du jardin d\u2019aventure des Halles<\/a> (30\/10\/06) : \u00ab Vous trouverez ci-apr\u00e8s nos r\u00e9ponses aux critiques portant sur le jardin Lalanne et surtout des propositions que nous soumettons \u00e0 la concertation et qui visent \u00e0 am\u00e9liorer son fonctionnement \u00e0 la satisfaction de tous. Nous ne doutons pas que chacun aura \u00e0 c\u0153ur d\u2019en prendre connaissance et d\u2019y r\u00e9fl\u00e9chir en toute objectivit\u00e9. \u00bb<\/li>\n<li>Le <a href=\"http:\/\/www.accomplir.asso.fr\/dossiers\/jardin\/bilan%20jardin%20lalanne%202005.pdf\" target=\"blank\">bilan du Jardin d\u2019aventure des Halles<\/a> men\u00e9 par la Direction des parcs et jardin en mai 2005 : \u00ab Sur le plan des usages, ce jardin r\u00e9pond pleinement aux attentes des usagers et constitue une source r\u00e9elle de satisfaction et de plaisir. Sur le plan de la s\u00e9curit\u00e9, il vieillit convenablement et ne n\u00e9cessite pas de gros travaux de r\u00e9am\u00e9nagement. \u00bb<\/li>\n<li>L\u2019\u00e9tude men\u00e9e par l\u2019APAVE sur le Jardin d\u2019aventure Lalanne en 1996, qui montre que ce jardin ne pose pas de probl\u00e8me de s\u00e9curit\u00e9 (les quelques recommandations mentionn\u00e9es ont donn\u00e9 lieu aux modifications du jardin demand\u00e9es) : <a href=\"http:\/\/www.accomplir.asso.fr\/dossiers\/jardin\/APAVE%201996%2001.pdf\" target=\"blank\">premi\u00e8re partie<\/a> et <a href=\"http:\/\/www.accomplir.asso.fr\/dossiers\/jardin\/APAVE%201996%2002.pdf\" target=\"blank\">deuxi\u00e8me partie.<\/a><\/li>\n<li>Constatant que le Jardin Lalanne ne figure pas sur le plan du jardin que David Mangin pr\u00e9sentera devant le CPC le 29 juin (veille des vacances\u2026), le Comit\u00e9 de soutien et de promotion du Jardin d\u2019aventure des Halles organise une <a href=\"http:\/\/www.accomplir.asso.fr\/dossiers\/jardin\/Tract%2028-06.pdf\" target=\"blank\">manifestation dans l\u2019all\u00e9e Saint-John Perse le 28 juin de 18h30 et \u00e0 19h<\/a>. Si vous le souhaitez, vous pouvez \u00e9crire au Maire de Paris pour protester contre la disparition du Jardin Lalanne en vous inspirant du <a href=\"http:\/\/www.accomplir.asso.fr\/dossiers\/jardin\/lettre%20soutien%20du%20jardin%20des%20enfants.doc\">mod\u00e8le pr\u00e9par\u00e9 par le Comit\u00e9<\/a>.<\/li>\n<li><a href=\"http:\/\/www.accomplir.asso.fr\/dossiers\/jardin\/Lettre%20Boutault%20Lalanne.jpg\" target=\"blank\">Lettre de soutien de Jacques Boutault, maire du 2\u00e8me, au comit\u00e9 de soutien et de promotion du jardin d'aventure des Halles<\/a> (16\/03\/06)<\/li>\n<li><a href=\"http:\/\/www.accomplir.asso.fr\/dossiers\/jardin\/08%20chaine%20humaine.pdf\" target=\"blank\">Participez \u00e0 la cha\u00eene humaine autour du Jardin d\u2019aventure des Halles !<\/a> (25\/03\/06). Rendez-vous le samedi 25 mars 2006 \u00e0 10h45 pr\u00e8s de l\u2019entr\u00e9e des El\u00e9phants.<\/li>\n<li><a href=\"http:\/\/www.accomplir.asso.fr\/dossiers\/jardin\/Jardin%20Lalanne%20extr%20let%2021.pdf\" target=\"blank\">Jardin Lalanne : pourquoi vouloir le supprimer ?<\/a> (extrait de la Lettre d\u2019Accomplir n\u00b021, octobre 2005). La raison de supprimer le Jardin Lalanne que M. Contassot n\u2019a pas \u00e9voqu\u00e9e et que nous suspectons fortement, est tout simplement que le Jardin Lalanne g\u00eane parce qu\u2019il se situe au pied du futur b\u00e2timent du Carreau : peut-\u00eatre nos \u00e9diles souhaiteraient-ils faire \u00ab place nette \u00bb \u00e0 cet endroit ?<\/li>\n<li>Une petite merveille \u00e0 pr\u00e9server : le Jardin Lalanne :\n<ul>\n<li>A la d\u00e9couverte du Jardin Lalanne (diaporama, ao\u00fbt 2005, <a href=\"http:\/\/www.accomplir.asso.fr\/accomplir\/wp-content\/uploads\/2014\/05\/Jardin-Lalanne-Final.mov\" target=\"blank\">haute qualit\u00e9<\/a> <em>(60Mo)<\/em> ou <a href=\"http:\/\/www.accomplir.asso.fr\/accomplir\/wp-content\/uploads\/2014\/05\/Jardin-Lalanne-Final-light.mov\" target=\"blank\">basse qualit\u00e9<\/a> <em>(11Mo)<\/em>)<\/li>\n<li>Comment y aller : <a href=\"http:\/\/www.accomplir.asso.fr\/dossiers\/..\/hier\/Lalanne\/Horaires%20Lalanne.pdf\" target=\"blank\">acc\u00e8s et horaires<\/a><\/li>\n<li><a href=\"http:\/\/www.accomplir.asso.fr\/hier\/Lalanne\/Plan%20du%20Jardin%20Lalanne.pdf\" target=\"blank\">Le plan du jardin<\/a><\/li>\n<li>\u00ab <a href=\"http:\/\/www.accomplir.asso.fr\/hier\/Lalanne\/Article%20Claude%20Lalanne.pdf\" target=\"blank\">Le Jardin des enfants<\/a> \u00bb, article de Claude Lalanne, sculpteur qui a con\u00e7u ce jardin et a supervis\u00e9 sa r\u00e9alisation entre 1980 et 1986 (<em>Paris Projet, <\/em>1985)<\/li>\n<li><a href=\"http:\/\/www.accomplir.asso.fr\/hier\/Lalanne\/plan-light.jpg\" target=\"blank\">Le projet initial du jardin<\/a><\/li>\n<li><a href=\"http:\/\/www.accomplir.asso.fr\/hier\/Lalanne\/Argumentaire.pdf\" target=\"blank\">Pourquoi il faut conserver le jardin Lalanne<\/a> : l\u2019argumentaire des associations \u00ab Un Petit Monde \u00bb et \u00ab Accomplir \u00bb (22\/08\/05)<\/li>\n<\/ul>\n<li>A l\u2019occasion de la F\u00eate du Jardin extraordinaire du 5 juin 2004, des membres de l\u2019association ACCOMPLIR ont pr\u00e9sent\u00e9 la chanson <i><a href=\"http:\/\/www.accomplir.asso.fr\/dossiers\/jardin\/chanson%20jardin%20des%20halles.htm\" target=\"blank\">Le Jardin des Halles<\/a> <\/i>, dont les paroles ont \u00e9t\u00e9 \u00e9crites sur la musique du <i>Jardin extraordinaire<\/i> de Charles Trenet, qui a donn\u00e9 son nom \u00e0 cette f\u00eate. On y d\u00e9couvre un jardin qui n\u2019est pas ce lieu froid, glauque et dangereux que certains imaginent parfois, mais un espace chaleureux, multiculturel, plein de personnages familiers qui se croisent et parfois se rencontrent : une vraie place de village !<\/li>\n<li><a href=\"http:\/\/www.accomplir.asso.fr\/dossiers\/jardin\/38_Synthese_Thomas.pdf\" target=\"blank\">Etude du CNRS sur les fr\u00e9quentations et les usages du Jardin des Halles<\/a> (novembre 2002, communiqu\u00e9e en mars 2003) : Premier contact pour nous avec la tr\u00e8s int\u00e9ressante \u00e9tude sociologique d\u2019Herv\u00e9 Thomas.<\/li>\n<li><a href=\"http:\/\/www.accomplir.asso.fr\/dossiers\/jardin\/03_Soiree_cap_TERRY.pdf\" target=\"blank\">D\u00e9bat avec le capitaine TERRY \u00e0 propos de la communaut\u00e9 afro-antillaise du Jardin des Halles<\/a> (extrait du d\u00e9bat du 07 novembre 2002) : Parmi la quarantaine d'afro-antillais qui stationnent habituellement sur le jardin, il n'y a que 5 ou 6 vrais dealers dans le Jardin des Halles, et le cannabis est la seule drogue vendue sur le Jardin.<\/li>\n<li><a href=\"http:\/\/www.accomplir.asso.fr\/dossiers\/jardin\/04_Terrasses_Berger.pdf\" target=\"blank\">Des terrasses de caf\u00e9 sur le mail Berger ?<\/a> (extrait du d\u00e9bat du conseil de quartier des Halles du 9 octobre 2002) : une victoire d'ACCOMPLIR, l'abandon du projet d'extension des terrasses de restaurant sur le mail Berger, dans le jardin des Halles.<\/li>\n<\/ul>\n","protected":false},"excerpt":{"rendered":"<p>Nos archives R\u00e9sultats de notre enqu\u00eate de satisfaction sur l\u2019aire de jeux provisoire (septembre 2012) Prospectus de pr\u00e9sentation de l\u2019aire de jeux des moyens \u00e0 son inauguration (octobre 2012) R\u00e8gles de fonctionnement du futur jardin d\u2019aventure (mai 2012) Pr\u00e9sentation de la Place Cassin par un habitant du quartier, Marcel Apeloig (mars 2009). La notori\u00e9t\u00e9 mondiale &hellip; <a href=\"http:\/\/www.accomplir.asso.fr\/accomplir\/?page_id=271\" class=\"more-link\">Continuer la lecture de <span class=\"screen-reader-text\">Jardin des Halles<\/span>  <span class=\"meta-nav\">&rarr;<\/span><\/a><\/p>\n","protected":false},"author":4,"featured_media":0,"parent":0,"menu_order":0,"comment_status":"closed","ping_status":"closed","template":"","meta":[],"_links":{"self":[{"href":"http:\/\/www.accomplir.asso.fr\/accomplir\/index.php?rest_route=\/wp\/v2\/pages\/271"}],"collection":[{"href":"http:\/\/www.accomplir.asso.fr\/accomplir\/index.php?rest_route=\/wp\/v2\/pages"}],"about":[{"href":"http:\/\/www.accomplir.asso.fr\/accomplir\/index.php?rest_route=\/wp\/v2\/types\/page"}],"author":[{"embeddable":true,"href":"http:\/\/www.accomplir.asso.fr\/accomplir\/index.php?rest_route=\/wp\/v2\/users\/4"}],"replies":[{"embeddable":true,"href":"http:\/\/www.accomplir.asso.fr\/accomplir\/index.php?rest_route=%2Fwp%2Fv2%2Fcomments&post=271"}],"version-history":[{"count":26,"href":"http:\/\/www.accomplir.asso.fr\/accomplir\/index.php?rest_route=\/wp\/v2\/pages\/271\/revisions"}],"predecessor-version":[{"id":979,"href":"http:\/\/www.accomplir.asso.fr\/accomplir\/index.php?rest_route=\/wp\/v2\/pages\/271\/revisions\/979"}],"wp:attachment":[{"href":"http:\/\/www.accomplir.asso.fr\/accomplir\/index.php?rest_route=%2Fwp%2Fv2%2Fmedia&parent=271"}],"curies":[{"name":"wp","href":"https:\/\/api.w.org\/{rel}","templated":true}]}}