{"id":260,"date":"2014-05-10T17:06:49","date_gmt":"2014-05-10T15:06:49","guid":{"rendered":"http:\/\/www.accomplir.asso.fr\/accomplir\/?page_id=260"},"modified":"2015-04-30T23:49:12","modified_gmt":"2015-04-30T21:49:12","slug":"foires-commerciales-archives","status":"publish","type":"page","link":"http:\/\/www.accomplir.asso.fr\/accomplir\/?page_id=260","title":{"rendered":"Foires commerciales"},"content":{"rendered":"<h2>Nos archives<\/h2>\n<ul>\n<li>Pour son 10\u00e8me vide-grenier, Accomplir a sign\u00e9 la <a href=\"http:\/\/www.accomplir.asso.fr\/dossiers\/foires_commerciales\/10%20Charte_vide_grenier.pdf\" target=\"blank\">Charte de qualit\u00e9 des ventes au d\u00e9ballage publi\u00e9e par la Ville de Paris en 2003<\/a>, et dont nous respections depuis longtemps d\u00e9j\u00e0 les pr\u00e9conisations. Jusqu\u2019\u00e0 nouvel ordre, c\u2019est \u00e0 cette Charte que nous nous r\u00e9f\u00e8rerons pour le fonctionnement de nos vide-greniers (mai 2006)<\/li>\n<li>Une nouvelle \u00ab <a href=\"http:\/\/www.accomplir.asso.fr\/dossiers\/foires_commerciales\/Fichier%203.pdf\" target=\"blank\">Foire de la f\u00eate des M\u00e8res<\/a> \u00bb a \u00e9t\u00e9 autoris\u00e9e par le Maire du 1er sur une dur\u00e9e beaucoup trop longue, un site inadapt\u00e9, et en l\u2019absence de toute concertation (mai 2005).<\/li>\n<li><a href=\"http:\/\/www.accomplir.asso.fr\/dossiers\/foires_commerciales\/Entretien%20foires%20comm%20Legaret.htm\" target=\"blank\">Entretien avec le Maire du 1er<\/a> \u00e0 propos des foires commerciales (12\/11\/03)<\/li>\n<li><a href=\"http:\/\/www.accomplir.asso.fr\/dossiers\/foires_commerciales\/foire%20comm.htm\" target=\"blank\">Encore une m\u00e9diocre foire commerciale place des Innocents<\/a> (du 1er au 5\/10\/03)<\/li>\n<li><a href=\"http:\/\/www.accomplir.asso.fr\/dossiers\/foires_commerciales\/FOIRE02.htm\" target=\"blank\">Occupation de l\u2019espace public \u00e0 des fins priv\u00e9es : tout le 1er arrondissement est concern\u00e9.<\/a> Le point avec Beno\u00eet Bouanchaud, chef de cabinet du Maire du 1er.<\/li>\n<li><a href=\"http:\/\/www.accomplir.asso.fr\/dossiers\/foires_commerciales\/FOIRE01.htm\" target=\"blank\">Deux entretiens instructifs avec la responsable de la soci\u00e9t\u00e9 \"Les Artisans du Palais\"<\/a>, qui a apparemment le monopole des foires sur le quartier : de beaux discours qui laissent r\u00eaveur...<\/li>\n<li><a href=\"http:\/\/www.accomplir.asso.fr\/dossiers\/foires_commerciales\/37_Courriers_Legaret_cour_carree.pdf\" target=\"blank\">Courrier adress\u00e9 par l\u2019association ACCOMPLIR au Maire du 1er, \u00e0 propos de sa protestation contre l\u2019occupation de la Cour Carr\u00e9e par un d\u00eener de prestige de la soci\u00e9t\u00e9 CARREFOUR le 10\/03\/03<\/a> (25\/02\/03) : Nous soutenons le Maire dans sa protestation, mais qu\u2019il songe aussi \u00e0 prot\u00e9ger les sites prestigieux qui ne sont pas sous ses fen\u00eatres, tels que la place du Palais Royal ou la fontaine des Innocents\u2026<\/li>\n<li><a href=\"http:\/\/www.accomplir.asso.fr\/dossiers\/foires_commerciales\/19_Contre_bazars_02.pdf\" target=\"blank\">ACCOMPLIR d\u00e9nonce les nuisances des \" bazars \"<\/a> - Extrait du compte rendu du CICA sur les march\u00e9s (14 novembre 2002) : Mme Lyne Cohen-Solal s'engage : \u00e0 partir du 1er janvier 2003, un double de chaque autorisation d\u00e9livr\u00e9e par la mairie de Paris sera envoy\u00e9 aux services v\u00e9t\u00e9rinaires afin qu'ils aillent contr\u00f4ler les \u00e9tals ; elle se dit pr\u00eate \u00e0 limiter tous les march\u00e9s de ce type \u00e0 une dur\u00e9e de 4 jours.<\/li>\n<li><a href=\"http:\/\/www.accomplir.asso.fr\/dossiers\/foires_commerciales\/20_Contre_bazars_01.pdf\" target=\"blank\">Lettre d'ACCOMPLIR au maire du 1er contre les \" march\u00e9s \u00e0 th\u00e8me \" <\/a>(22 mai 2002) : Quel est l'int\u00e9r\u00eat de ces march\u00e9s, qui souvent ne proposent que de produits peu int\u00e9ressants, peu originaux, voire de qualit\u00e9 franchement m\u00e9diocre ou nulle, dans des quartiers d\u00e9j\u00e0 satur\u00e9s de commerces en tous genres comme le quartier des Halles ? Peut-on mettre en place une charte de qualit\u00e9 ?<\/li>\n<\/ul>\n","protected":false},"excerpt":{"rendered":"<p>Nos archives Pour son 10\u00e8me vide-grenier, Accomplir a sign\u00e9 la Charte de qualit\u00e9 des ventes au d\u00e9ballage publi\u00e9e par la Ville de Paris en 2003, et dont nous respections depuis longtemps d\u00e9j\u00e0 les pr\u00e9conisations. Jusqu\u2019\u00e0 nouvel ordre, c\u2019est \u00e0 cette Charte que nous nous r\u00e9f\u00e8rerons pour le fonctionnement de nos vide-greniers (mai 2006) Une nouvelle &hellip; <a href=\"http:\/\/www.accomplir.asso.fr\/accomplir\/?page_id=260\" class=\"more-link\">Continuer la lecture de <span class=\"screen-reader-text\">Foires commerciales<\/span>  <span class=\"meta-nav\">&rarr;<\/span><\/a><\/p>\n","protected":false},"author":4,"featured_media":0,"parent":0,"menu_order":0,"comment_status":"closed","ping_status":"closed","template":"","meta":[],"_links":{"self":[{"href":"http:\/\/www.accomplir.asso.fr\/accomplir\/index.php?rest_route=\/wp\/v2\/pages\/260"}],"collection":[{"href":"http:\/\/www.accomplir.asso.fr\/accomplir\/index.php?rest_route=\/wp\/v2\/pages"}],"about":[{"href":"http:\/\/www.accomplir.asso.fr\/accomplir\/index.php?rest_route=\/wp\/v2\/types\/page"}],"author":[{"embeddable":true,"href":"http:\/\/www.accomplir.asso.fr\/accomplir\/index.php?rest_route=\/wp\/v2\/users\/4"}],"replies":[{"embeddable":true,"href":"http:\/\/www.accomplir.asso.fr\/accomplir\/index.php?rest_route=%2Fwp%2Fv2%2Fcomments&post=260"}],"version-history":[{"count":8,"href":"http:\/\/www.accomplir.asso.fr\/accomplir\/index.php?rest_route=\/wp\/v2\/pages\/260\/revisions"}],"predecessor-version":[{"id":751,"href":"http:\/\/www.accomplir.asso.fr\/accomplir\/index.php?rest_route=\/wp\/v2\/pages\/260\/revisions\/751"}],"wp:attachment":[{"href":"http:\/\/www.accomplir.asso.fr\/accomplir\/index.php?rest_route=%2Fwp%2Fv2%2Fmedia&parent=260"}],"curies":[{"name":"wp","href":"https:\/\/api.w.org\/{rel}","templated":true}]}}

<h2>Nos archives</h2>
<ul>
<li>Pour son 10ème vide-grenier, Accomplir a signé la <a href="http://www.accomplir.asso.fr/dossiers/foires_commerciales/10%20Charte_vide_grenier.pdf" target="blank">Charte de qualité des ventes au déballage publiée par la Ville de Paris en 2003</a>, et dont nous respections depuis longtemps déjà les préconisations. Jusqu’à nouvel ordre, c’est à cette Charte que nous nous réfèrerons pour le fonctionnement de nos vide-greniers (mai 2006)</li>
<li>Une nouvelle « <a href="http://www.accomplir.asso.fr/dossiers/foires_commerciales/Fichier%203.pdf" target="blank">Foire de la fête des Mères</a> » a été autorisée par le Maire du 1er sur une durée beaucoup trop longue, un site inadapté, et en l’absence de toute concertation (mai 2005).</li>
<li><a href="http://www.accomplir.asso.fr/dossiers/foires_commerciales/Entretien%20foires%20comm%20Legaret.htm" target="blank">Entretien avec le Maire du 1er</a> à propos des foires commerciales (12/11/03)</li>
<li><a href="http://www.accomplir.asso.fr/dossiers/foires_commerciales/foire%20comm.htm" target="blank">Encore une médiocre foire commerciale place des Innocents</a> (du 1er au 5/10/03)</li>
<li><a href="http://www.accomplir.asso.fr/dossiers/foires_commerciales/FOIRE02.htm" target="blank">Occupation de l’espace public à des fins privées : tout le 1er arrondissement est concerné.</a> Le point avec Benoît Bouanchaud, chef de cabinet du Maire du 1er.</li>
<li><a href="http://www.accomplir.asso.fr/dossiers/foires_commerciales/FOIRE01.htm" target="blank">Deux entretiens instructifs avec la responsable de la société "Les Artisans du Palais"</a>, qui a apparemment le monopole des foires sur le quartier : de beaux discours qui laissent rêveur...</li>
<li><a href="http://www.accomplir.asso.fr/dossiers/foires_commerciales/37_Courriers_Legaret_cour_carree.pdf" target="blank">Courrier adressé par l’association ACCOMPLIR au Maire du 1er, à propos de sa protestation contre l’occupation de la Cour Carrée par un dîner de prestige de la société CARREFOUR le 10/03/03</a> (25/02/03) : Nous soutenons le Maire dans sa protestation, mais qu’il songe aussi à protéger les sites prestigieux qui ne sont pas sous ses fenêtres, tels que la place du Palais Royal ou la fontaine des Innocents…</li>
<li><a href="http://www.accomplir.asso.fr/dossiers/foires_commerciales/19_Contre_bazars_02.pdf" target="blank">ACCOMPLIR dénonce les nuisances des " bazars "</a> - Extrait du compte rendu du CICA sur les marchés (14 novembre 2002) : Mme Lyne Cohen-Solal s'engage : à partir du 1er janvier 2003, un double de chaque autorisation délivrée par la mairie de Paris sera envoyé aux services vétérinaires afin qu'ils aillent contrôler les étals ; elle se dit prête à limiter tous les marchés de ce type à une durée de 4 jours.</li>
<li><a href="http://www.accomplir.asso.fr/dossiers/foires_commerciales/20_Contre_bazars_01.pdf" target="blank">Lettre d'ACCOMPLIR au maire du 1er contre les " marchés à thème " </a>(22 mai 2002) : Quel est l'intérêt de ces marchés, qui souvent ne proposent que de produits peu intéressants, peu originaux, voire de qualité franchement médiocre ou nulle, dans des quartiers déjà saturés de commerces en tous genres comme le quartier des Halles ? Peut-on mettre en place une charte de qualité ?</li>
</ul>

<p>Nos archives Pour son 10ème vide-grenier, Accomplir a signé la Charte de qualité des ventes au déballage publiée par la Ville de Paris en 2003, et dont nous respections depuis longtemps déjà les préconisations. Jusqu’à nouvel ordre, c’est à cette Charte que nous nous réfèrerons pour le fonctionnement de nos vide-greniers (mai 2006) Une nouvelle &hellip; <a href="http://www.accomplir.asso.fr/accomplir/?page_id=260" class="more-link">Continuer la lecture de <span class="screen-reader-text">Foires commerciales</span>  <span class="meta-nav">&rarr;</span></a></p>
