{"id":2565,"date":"2015-05-20T17:23:02","date_gmt":"2015-05-20T15:23:02","guid":{"rendered":"http:\/\/www.accomplir.asso.fr\/accomplir\/?page_id=2565"},"modified":"2015-12-08T11:36:56","modified_gmt":"2015-12-08T10:36:56","slug":"le-quartier","status":"publish","type":"page","link":"http:\/\/www.accomplir.asso.fr\/accomplir\/?page_id=2565","title":{"rendered":"La vie du quartier"},"content":{"rendered":"<p>Retrouvez sur notre site des acteurs du quartier. D'autres portraits seront publi\u00e9s au fur et \u00e0 mesure.<\/p>\n<ul>\n<li><strong>Associations :<\/strong>\n<ul>\n<li><a href=\"http:\/\/www.accomplir.asso.fr\/accomplir\/?p=1817\">Les Bachiques Bouzouks<\/a><\/li>\n<li><a href=\"http:\/\/www.accomplir.asso.fr\/accomplir\/?p=2365\">Le Cam\u00e9l\u00e9on Club<\/a><\/li>\n<li><a href=\"http:\/\/www.accomplir.asso.fr\/accomplir\/?p=2372\">Les Chanteurs de Saint-Eustache<\/a><\/li>\n<\/ul>\n<\/li>\n<li><strong>Restaurants :<\/strong>\n<ul>\n<li><a href=\"http:\/\/www.accomplir.asso.fr\/accomplir\/?p=2506\">Le Relais du Vin<\/a><\/li>\n<li><a href=\"http:\/\/www.accomplir.asso.fr\/accomplir\/?p=2967\">Denise, patronne de la Tour de Montlh\u00e9ry<\/a><\/li>\n<\/ul>\n<\/li>\n<li><strong>Commerces :<\/strong>\n<ul>\n<li><a href=\"http:\/\/www.accomplir.asso.fr\/accomplir\/?p=2570\">Maison Aurouze<\/a><\/li>\n<li><a href=\"http:\/\/www.accomplir.asso.fr\/accomplir\/?p=2315\" target=\"_blank\">La Pharmacie du Forum des Halles<\/a><\/li>\n<\/ul>\n<\/li>\n<\/ul>\n","protected":false},"excerpt":{"rendered":"<p>Retrouvez sur notre site des acteurs du quartier. D'autres portraits seront publi\u00e9s au fur et \u00e0 mesure. Associations : Les Bachiques Bouzouks Le Cam\u00e9l\u00e9on Club Les Chanteurs de Saint-Eustache Restaurants : Le Relais du Vin Denise, patronne de la Tour de Montlh\u00e9ry Commerces : Maison Aurouze La Pharmacie du Forum des Halles<\/p>\n","protected":false},"author":2,"featured_media":0,"parent":0,"menu_order":0,"comment_status":"open","ping_status":"closed","template":"","meta":[],"_links":{"self":[{"href":"http:\/\/www.accomplir.asso.fr\/accomplir\/index.php?rest_route=\/wp\/v2\/pages\/2565"}],"collection":[{"href":"http:\/\/www.accomplir.asso.fr\/accomplir\/index.php?rest_route=\/wp\/v2\/pages"}],"about":[{"href":"http:\/\/www.accomplir.asso.fr\/accomplir\/index.php?rest_route=\/wp\/v2\/types\/page"}],"author":[{"embeddable":true,"href":"http:\/\/www.accomplir.asso.fr\/accomplir\/index.php?rest_route=\/wp\/v2\/users\/2"}],"replies":[{"embeddable":true,"href":"http:\/\/www.accomplir.asso.fr\/accomplir\/index.php?rest_route=%2Fwp%2Fv2%2Fcomments&post=2565"}],"version-history":[{"count":8,"href":"http:\/\/www.accomplir.asso.fr\/accomplir\/index.php?rest_route=\/wp\/v2\/pages\/2565\/revisions"}],"predecessor-version":[{"id":3384,"href":"http:\/\/www.accomplir.asso.fr\/accomplir\/index.php?rest_route=\/wp\/v2\/pages\/2565\/revisions\/3384"}],"wp:attachment":[{"href":"http:\/\/www.accomplir.asso.fr\/accomplir\/index.php?rest_route=%2Fwp%2Fv2%2Fmedia&parent=2565"}],"curies":[{"name":"wp","href":"https:\/\/api.w.org\/{rel}","templated":true}]}}