{"id":1386,"date":"2014-06-19T09:01:39","date_gmt":"2014-06-19T07:01:39","guid":{"rendered":"http:\/\/www.accomplir.asso.fr\/accomplir\/?page_id=1386"},"modified":"2015-05-02T23:23:23","modified_gmt":"2015-05-02T21:23:23","slug":"objet-social","status":"publish","type":"page","link":"http:\/\/www.accomplir.asso.fr\/accomplir\/?page_id=1386","title":{"rendered":"Objet social"},"content":{"rendered":"<p><strong>Notre objet social : citoyennet\u00e9 et convivialit\u00e9<\/strong><\/p>\n<p>\u00ab L\u2019association ACCOMPLIR a pour objet d\u2019am\u00e9liorer la qualit\u00e9 de vie et la qualit\u00e9 de l\u2019environnement des habitants du centre de Paris (quartier des Halles, quartier Montorgueil et environs). Ceci passe par le d\u00e9veloppement de la convivialit\u00e9 et la r\u00e9alisation de projets concrets pour la vie du quartier, mais aussi par l\u2019action citoyenne et la participation aux diverses formes de concertation sur tous les sujets qui peuvent concerner le quartier (projets urbains, am\u00e9nagement et usage de l'espace public, \u00e9quipements collectifs, bonne utilisation de l'argent public et ma\u00eetrise des co\u00fbts des projets men\u00e9s par les pouvoirs publics, notamment dans le cadre de l'op\u00e9ration de r\u00e9am\u00e9nagement des Halles), et plus g\u00e9n\u00e9ralement par tous les moyens l\u00e9gaux, y compris l\u2019action en justice. \u00bb<\/p>\n<p><strong>D\u00e9mocratie interne<\/strong><\/p>\n<p>Notre l\u00e9gitimit\u00e9 repose sur un fonctionnement interne que nous essayons de rendre de plus en plus d\u00e9mocratique et participatif :<\/p>\n<ul>\n<li>respect rigoureux de nos statuts et de nos obligations l\u00e9gales ;<\/li>\n<li>le Conseil d\u2019administration peut comprendre jusqu\u2019\u00e0 12 personnes ; aucun membre du Conseil d\u2019administration ne prend de rendez-vous individuel au nom de l\u2019association : le plus souvent ce sont 2 ou 3 personnes qui y participent ; tous les courriers \u00e9manant de l\u2019association sont soumis \u00e0 l\u2019ensemble du conseil d\u2019administration ;<\/li>\n<li>outre l\u2019AG statutaire, de nombreuses r\u00e9unions ouvertes \u00e0 tous les membres d\u2019Accomplir sont organis\u00e9es tout au long de l\u2019ann\u00e9e, ainsi que des r\u00e9unions de travail th\u00e9matiques, pour \u00e9tudier plus particuli\u00e8rement certains dossiers ; lors de ces r\u00e9unions, nous recourons syst\u00e9matiquement aux tours de table pour que chacun s\u2019exprime, et au vote chaque fois qu\u2019une prise de position n\u2019est pas consensuelle\u00a0;<\/li>\n<li>\u00ab <em>On dit ce qu\u2019on fait<\/em> \u00bb : toutes les r\u00e9unions internes ou les participations \u00e0 des r\u00e9unions externes font l\u2019objet d\u2019un compte rendu, et le conseil d\u2019administration rend \u00e9galement compte de toutes ses d\u00e9marches aux adh\u00e9rents ; en interne, tous ces comptes-rendus sont diffus\u00e9s sur le groupe de discussion Internet, ouvert \u00e0 tous les adh\u00e9rents qui le souhaitent\u00a0; en externe, l\u2019association diffuse les informations qu\u2019elle a recueillies via la <em>Lettre d\u2019ACCOMPLIR<\/em>, la rubrique \u00ab\u00a0nos dossiers \u00bb du site, les r\u00e9unions publiques, les stands ;<\/li>\n<li>\u00ab <em>On fait ce qu\u2019on dit<\/em> \u00bb : toutes les d\u00e9cisions prises en AG ou en r\u00e9union des membres d\u2019Accomplir doivent \u00eatre ex\u00e9cut\u00e9es, sauf \u00e0 \u00eatre remises en cause par un nouveau d\u00e9bat ; la participation au conseil d\u2019administration implique un engagement actif dans la vie de l\u2019association ; les animations font l\u2019objet de r\u00e9unions de pr\u00e9paration puis de r\u00e9unions de d\u00e9briefing ; les t\u00e2ches sont clairement d\u00e9finies, et r\u00e9parties entre le nombre le plus important possible de membres de l\u2019association.<\/li>\n<\/ul>\n","protected":false},"excerpt":{"rendered":"<p>Notre objet social : citoyennet\u00e9 et convivialit\u00e9 \u00ab L\u2019association ACCOMPLIR a pour objet d\u2019am\u00e9liorer la qualit\u00e9 de vie et la qualit\u00e9 de l\u2019environnement des habitants du centre de Paris (quartier des Halles, quartier Montorgueil et environs). Ceci passe par le d\u00e9veloppement de la convivialit\u00e9 et la r\u00e9alisation de projets concrets pour la vie du quartier, &hellip; <a href=\"http:\/\/www.accomplir.asso.fr\/accomplir\/?page_id=1386\" class=\"more-link\">Continuer la lecture de <span class=\"screen-reader-text\">Objet social<\/span>  <span class=\"meta-nav\">&rarr;<\/span><\/a><\/p>\n","protected":false},"author":4,"featured_media":0,"parent":0,"menu_order":0,"comment_status":"closed","ping_status":"closed","template":"","meta":[],"_links":{"self":[{"href":"http:\/\/www.accomplir.asso.fr\/accomplir\/index.php?rest_route=\/wp\/v2\/pages\/1386"}],"collection":[{"href":"http:\/\/www.accomplir.asso.fr\/accomplir\/index.php?rest_route=\/wp\/v2\/pages"}],"about":[{"href":"http:\/\/www.accomplir.asso.fr\/accomplir\/index.php?rest_route=\/wp\/v2\/types\/page"}],"author":[{"embeddable":true,"href":"http:\/\/www.accomplir.asso.fr\/accomplir\/index.php?rest_route=\/wp\/v2\/users\/4"}],"replies":[{"embeddable":true,"href":"http:\/\/www.accomplir.asso.fr\/accomplir\/index.php?rest_route=%2Fwp%2Fv2%2Fcomments&post=1386"}],"version-history":[{"count":1,"href":"http:\/\/www.accomplir.asso.fr\/accomplir\/index.php?rest_route=\/wp\/v2\/pages\/1386\/revisions"}],"predecessor-version":[{"id":1387,"href":"http:\/\/www.accomplir.asso.fr\/accomplir\/index.php?rest_route=\/wp\/v2\/pages\/1386\/revisions\/1387"}],"wp:attachment":[{"href":"http:\/\/www.accomplir.asso.fr\/accomplir\/index.php?rest_route=%2Fwp%2Fv2%2Fmedia&parent=1386"}],"curies":[{"name":"wp","href":"https:\/\/api.w.org\/{rel}","templated":true}]}}